1525?
False
Is 131 a factor of 43410?
False
Is 9588618 a multiple of 18?
True
Does 258 divide 10469382?
True
Does 1965 divide 10907423?
False
Is 722721 a multiple of 111?
True
Does 53 divide 47912?
True
Does 13 divide 8390205?
False
Is 18585470 a multiple of 10?
True
Is 29 a factor of 55240?
False
Is 90349 even?
False
Is 3008493 a multiple of 341?
False
Is 1615184 a multiple of 125?
False
Is 13 a factor of 927019?
False
Does 49 divide 10309722?
False
Does 30 divide 10859?
False
Does 377 divide 723086?
True
Is 192592 a multiple of 41?
False
Is 73 a factor of 117347?
False
Is 6994044 a multiple of 1123?
True
Does 17 divide 260525?
True
Is 15308 a multiple of 89?
True
Is 6378720 a multiple of 151?
False
Does 49 divide 3311202?
False
Is 866503 a multiple of 11?
True
Is 283716 a multiple of 12?
True
Does 8 divide 1277296?
True
Is 125 a factor of 3250?
True
Is 909787 a multiple of 68?
False
Is 6995241 a multiple of 243?
True
Is 62 a factor of 419044?
False
Is 227632 a multiple of 16?
True
Does 195 divide 9110985?
True
Does 23 divide 27393?
True
Does 18 divide 2213028?
True
Is 1880019 a multiple of 8?
False
Does 31 divide 561503?
True
Is 7779504 a multiple of 41?
True
Is 73084 a multiple of 266?
False
Is 14 a factor of 1930430?
False
Is 296 a factor of 19811872?
True
Is 825840 a multiple of 592?
True
Is 21 a factor of 1628613?
True
Is 14 a factor of 437643?
False
Is 3623317 a multiple of 5?
False
Is 2042051 a multiple of 26?
False
Is 1226046 a multiple of 162?
False
Is 13506823 a multiple of 30?
False
Does 204 divide 689724?
True
Is 162703 a multiple of 450?
False
Is 29 a factor of 250647?
True
Is 208 a factor of 2099760?
True
Is 701 a factor of 1028997?
False
Is 28 a factor of 23452?
False
Is 5 a factor of 113425?
True
Is 63600 a multiple of 19?
False
Is 8891280 a multiple of 848?
True
Is 7119 a multiple of 7?
True
Is 28 a factor of 18355?
False
Does 28 divide 2920708?
True
Does 642 divide 4779455?
False
Is 91029 a multiple of 3?
True
Is 8 a factor of 22322310?
False
Does 139 divide 26079458?
True
Does 39 divide 254124?
True
Does 85 divide 10652625?
True
Is 27580 a multiple of 394?
True
Is 277452 a multiple of 7?
True
Does 83 divide 388253?
False
Does 198 divide 164332?
False
Does 76 divide 1293368?
True
Is 112 a factor of 2456997?
False
Does 9 divide 19050282?
True
Is 205 a factor of 566620?
True
Does 241 divide 33548?
False
Is 9846062 a multiple of 35?
False
Is 23135064 a multiple of 534?
False
Is 22 a factor of 173244?
False
Is 278706 a multiple of 196?
False
Is 27023220 a multiple of 43?
False
Is 6 a factor of 25602?
True
Is 195 a factor of 956906?
False
Is 1515255 a multiple of 105?
True
Does 30 divide 5989530?
True
Is 191 a factor of 3327220?
True
Is 510 a factor of 634188?
False
Does 63 divide 10531?
False
Is 193 a factor of 86464?
True
Is 262 a factor of 891560?
False
Is 7 a factor of 79261?
True
Is 207 a factor of 7301304?
True
Does 19 divide 1037355?
False
Does 291 divide 366078?
True
Is 2 a factor of 897?
False
Does 8 divide 106216?
True
Does 13 divide 161369?
True
Does 127 divide 1152398?
True
Is 12 a factor of 2563706?
False
Does 36 divide 5132871?
False
Does 28 divide 59824?
False
Does 52 divide 979595?
False
Is 1765554 a multiple of 254?
True
Is 2494491 a multiple of 57?
True
Does 219 divide 307695?
True
Does 12 divide 5161500?
True
Does 209 divide 4178746?
True
Is 25028955 a multiple of 642?
False
Is 24346 a multiple of 18?
False
Is 22 a factor of 1688080?
False
Does 119 divide 2068339?
True
Is 332 a factor of 3176896?
False
Is 327205 a multiple of 32?
False
Does 595 divide 2541800?
False
Is 1857141 a multiple of 507?
True
Is 294 a factor of 4537142?
False
Does 420 divide 1235220?
True
Does 131 divide 50566?
True
Does 340 divide 9407695?
False
Does 10 divide 2481871?
False
Is 53 a factor of 2385?
True
Does 588 divide 6832560?
True
Does 569 divide 389765?
True
Is 544871 a multiple of 545?
False
Is 90 a factor of 54540?
True
Does 19 divide 1896599?
True
Is 8466106 a multiple of 22?
True
Is 558302 a multiple of 14?
False
Does 15 divide 97035?
True
Is 31 a factor of 18647368?
True
Does 43 divide 8090212?
False
Is 34 a factor of 4057433?
False
Is 2 a factor of 3236?
True
Is 4841648 a multiple of 28?
True
Does 331 divide 10105776?
False
Is 5931328 a multiple of 42?
False
Does 30 divide 62874?
False
Does 169 divide 2074813?
True
Does 28 divide 594256?
False
Does 11 divide 135971?
True
Is 2074976 a multiple of 1063?
True
Is 1279 a factor of 23219733?
False
Is 1396006 a multiple of 337?
False
Is 193 a factor of 968667?
True
Does 15 divide 41464320?
True
Does 5 divide 41149?
False
Is 174 a factor of 82195?
False
Is 445865 a multiple of 447?
False
Is 117145 a multiple of 14?
False
Is 76782 a multiple of 2?
True
Is 297282 a multiple of 1054?
False
Does 216 divide 2322000?
True
Is 2024130 a multiple of 327?
True
Is 176 a factor of 134992?
True
Is 63 a factor of 140868?
True
Is 7662967 a multiple of 169?
True
Is 174634 a multiple of 50?
False
Is 5 a factor of 33016?
False
Is 221 a factor of 757577?
False
Does 46 divide 1510410?
True
Does 68 divide 661954?
False
Is 522936 a multiple of 39?
False
Is 3730569 a multiple of 13?
False
Does 216 divide 3587976?
True
Does 1185 divide 18712556?
False
Is 8460780 a multiple of 230?
True
Does 15 divide 2591626?
False
Is 480 a factor of 313016?
False
Is 99413 a multiple of 14?
False
Is 30 a factor of 128429?
False
Does 3 divide 743532?
True
Is 29 a factor of 758711?
False
Is 162 a factor of 243324?
True
Does 18 divide 157266?
True
Is 21 a factor of 5044725?
True
Does 5 divide 290219?
False
Is 640094 a multiple of 14?
True
Does 7 divide 52924?
False
Is 4735680 a multiple of 30?
True
Is 32 a factor of 130985?
False
Does 3 divide 14685?
True
Is 483 a factor of 373631?
False
Does 5 divide 768202?
False
Is 222 a factor of 435564?
True
Is 7 a factor of 12498367?
True
Is 3 a factor of 54695?
False
Is 12 a factor of 920160?
True
Is 42 a factor of 287977?
False
Is 4 a factor of 53087?
False
Is 397943 a multiple of 416?
False
Is 15066826 a multiple of 224?
False
Is 862 a factor of 2298092?
True
Is 1918887 a multiple of 348?
False
Is 10 a factor of 784600?
True
Does 24 divide 2760?
True
Does 26 divide 4090284?
False
Is 11 a factor of 844053?
False
Is 4 a factor of 64227?
False
Is 18 a factor of 33138?
True
Is 158240 a multiple of 22?
False
Is 337753 a multiple of 139?
False
Is 545 a factor of 1800094?
False
Is 37 a factor of 76506?
False
Is 800 a factor of 667556?
False
Is 22 a factor of 64724?
True
Is 175615 a multiple of 234?
False
Is 407860 a multiple of 34?
False
Is 36877 a multiple of 15?
False
Does 28 divide 484949?
False
Does 10 divide 3437308?
False
Is 6 a factor of 19922?
False
Does 129 divide 67338?
True
Is 11 a factor of 2241822?
True
Is 24548 a multiple of 19?
True
Is 9 a factor of 74070?
True
Is 199554 a multiple of 79?
True
Does 3 divide 117345?
True
Is 26 a factor of 122408?
True
Is 2175232 a multiple of 300?
False
Is 127036 a multiple of 7?
True
Is 895056 a multiple of 232?
True
Does 774 divide 2712870?
True
Is 238 a factor of 5462807?
False
Is 250973 a multiple of 21?
False
Does 72 divide 79363?
False
Is 25 a factor of 320462?
False
Is 46 a factor of 898754?
False
Is 59 a factor of 3937661?
False
Does 41 divide 148549?
False
Does 86 divide 215100?
False
Does 34 divide 4110838?
True
Is 138 a factor of 245529?
False
Does 18 divide 1825437?
False
Is 2572125 a multiple of 57?
True
Does 9 divide 517109?
False
Is 4 a factor of 13213?
False
Does 26 divide 248298?
False
Does 326 divide 567861?
False
Is 11 a factor of 798490?
True
Is 9 a factor of 22656?
False
Does 759 divide 5452358?
False
Is 1788963 a multiple of 198?
False
Does 4 divide 4685?
False
Is 26239308 a multiple of 278?
True
Is 1985975 a multiple of 3?
False
Is 38058 a multiple of 147?
False
Does 385 divide 6587648?
False
Is 634814 a multiple of 187?
False
Does 253 divide 3320119?
True
Is 65731 a multiple of 18?
False
Is 9 a factor of 414072?
True
Is 368716 a multiple of 4?
True
Is 116290 a multiple of 87?
False
Is 36 a factor of 6959678?
False
Does 4 divide 358514?
False
Is 164 a factor of 26240?
True
Is 19 a factor of 5833?
True
Is 3616000 a multiple of 32?
True
Is 5 a factor of 64400?
True
Does 1138 divide 1256352?
True
Is 957011 a multiple of 